site number?
True
Let f = -1617 - -771. Let w = 1228 + f. Is w a composite number?
True
Let b be 0 - -4 - 1868/(-2). Suppose -d - 129 = -b. Is d prime?
True
Let i(w) = -70*w - 13. Let r(c) = -559*c - 104. Let b(d) = -39*i(d) + 5*r(d). Is b(-4) composite?
True
Suppose 78860 = 3*x - 4*a - 47335, 5*x - 5*a = 210320. Is x a prime number?
True
Suppose 0 = -4*t - 4*r + 4852, 10*t - 6065 = 5*t + 4*r. Is t a composite number?
False
Suppose -3*z + 2*r = 685 + 153, -2*z - 5*r - 546 = 0. Let v = 987 + z. Is v composite?
False
Suppose -2*p - 348 = 5*t, p + 143 = -5*t - 206. Is (t/21 + 4)/(4/1758) a composite number?
False
Let p(m) = 170*m**3 - 3*m**2 + 3*m - 25. Is p(3) a prime number?
True
Suppose 12*c - 5202 = 10*c + 4*p, 4*p + 4 = 0. Is c prime?
False
Suppose -3*u = 5*h - 74 + 13, 4*u - 4*h - 28 = 0. Suppose 1667 = u*z - 457. Is z a prime number?
False
Let w = -14 - -17. Let s(v) = 23*v**3 + 8*v - 4. Is s(w) a prime number?
True
Suppose 5*n + 1763 + 382 = 0. Is n/(-6)*(2 - 0) a composite number?
True
Suppose 0 = -4*i - 0*i - 4. Let r be (-110)/(i*4 - -2). Is r + (-2 - (-8)/2) a composite number?
True
Let u be (558/27)/((-1)/(-9)). Suppose -u = -d - 5*p, -3*d + 4*p = -0*d - 463. Is d a composite number?
True
Let m(t) = t**3 + 9*t**2 + 7*t - 11. Let v be m(-8). Let d = v - -9. Is (-3)/((-9)/d) + 17 prime?
True
Suppose -2*m + 1064 = -g, 4*m + 2*g - 841 = 1295. Suppose -x + 2*o + m = 6*o, -o = 2*x - 1066. Is x a prime number?
False
Is 0 + -3 + (20 - -800) prime?
False
Suppose 6 = 5*s - 14. Let w(u) = 0*u + 3 + 5*u**2 + s*u - 3*u. Is w(8) composite?
False
Let h = -26010 - -51075. Suppose -5*n = -8*n + h. Suppose 0 = -q + 4*q - n. Is q a prime number?
False
Let b be 4/(-16)*0*-1. Suppose b = -0*p + p - 205. Is p a prime number?
False
Is (32013/(-2))/((-21)/14) a prime number?
False
Let v = -19 + 20. Let t(n) = 23*n**3 - 2*n**2 + n. Let k be t(v). Let w = k + -11. Is w a prime number?
True
Let p = -5 - -5. Suppose -9*n + 7*n + 1114 = p. Is n composite?
False
Let f be (30/9 + -2)*18/(-12). Let t(b) = -635*b - 11. Is t(f) a composite number?
False
Suppose -5*u = 2*r - 6*r + 7507, 5*r = -2*u - 2983. Let k = u - -2352. Is k prime?
True
Suppose -3*i - 3 = -p + 4*p, -4*i + 17 = -3*p. Let f(g) = -1 + i + 2 - 14*g + 2. Is f(-6) composite?
False
Suppose -r = 0, 0 = 4*m + 2*r + r - 60. Suppose n + u = -m, 3*u - 45 = 2*n + 2*u. Let g = 3 - n. Is g a composite number?
False
Suppose -2*j = -3648 - 668. Suppose 2146 = 4*l - r, 4*l + 7*r - j = 2*r. Is l a prime number?
False
Let h(a) = a**2 - 4. Let u be h(-3). Suppose -u*m = -3*m - 4. Suppose 2*x + 8 = -m, -2*x - 63 = -q. Is q a prime number?
True
Suppose -19*o + 270456 = 5*o. Is o a prime number?
False
Let x(f) = 12*f**2 - 16*f + 37. Suppose 3*t - 2*s = 28, 4*t = 6*s - 5*s + 39. Is x(t) prime?
False
Suppose -11230 = 19*d - 33479. Is d a prime number?
True
Suppose 70319 = 17*w - 57300. Is w a prime number?
True
Let u be (0/3)/1*-1. Suppose 4*q - 390 - 578 = u. Suppose n - i - 2*i - q = 0, -3*i = -15. Is n a prime number?
True
Suppose 283 + 733 = -4*k. Let q = 997 + k. Is q prime?
True
Let n(r) = r**2 - 6*r - 7. Let o be n(7). Let z(x) = -2*x + 80. Let y be z(o). Suppose 5*t - y = -2*v, -5*t + 3*v + 22 = -33. Is t composite?
True
Suppose 4*x = -0*k - k - 5, -5*k = -x + 25. Suppose x = -3*g - 3544 - 701. Let y = 1998 + g. Is y a composite number?
True
Let w = 13655 - 6125. Suppose -4*x = 3*i - w, -3*x + 4690 = 3*i - 956. Suppose -4*y + x + 112 = 0. Is y prime?
True
Is 98/147 + (1 - (-33733)/3) a composite number?
True
Suppose -5*r + 4*p + 62 = -725, -316 = -2*r + p. Is r composite?
True
Let q = -3481 - -4952. Is q a composite number?
False
Let z(f) = -19*f**2 + 8*f - 9. Let b be z(10). Let r = -514 - b. Suppose -5*n + n + r = 5*v, 5*v + 2*n = 1305. Is v a composite number?
True
Let r = -530 + 589. Is r composite?
False
Let q(o) = o**3 + 33 - 58 - 59. Let t be q(0). Let a = t + 203. Is a composite?
True
Let q(i) = 362*i**2 + 40*i + 79. Is q(-13) a prime number?
True
Is ((-4)/6)/((-13)/(83811/2)) a prime number?
False
Suppose -3*i - 10 = -8*i. Suppose -10*h + 1016 = -i*h. Is h a composite number?
False
Let i(p) = -1391*p + 8. Let d = -31 - -30. Is i(d) a prime number?
True
Suppose 5*u - 4*o = 11485, -3*u = -5*o - 0*o - 6904. Is u composite?
False
Suppose 2*d = 3*k - 8289, -16553 = 4*d - k - 0*k. Let x = 8126 + d. Is x a composite number?
False
Suppose -5*s + 5*b - 5 = 0, -4*s + 2*s - b = -13. Suppose -3*o - 12320 = -7*o. Suppose -o = -5*r + s*j - j, 4*r + 5*j = 2427. Is r a prime number?
True
Let r = 293 + 14. Let m = 187 + -25. Let u = r - m. Is u a prime number?
False
Let q(p) = 3*p**2 - 11*p + 11. Let r be q(15). Let j = -366 + r. Suppose 2*h = 681 - j. Is h a composite number?
False
Suppose -94*h = -35*h - 29087. Is h prime?
False
Suppose 8*c = -5*q + 12*c + 110686, -2*q + 3*c = -44273. Is q prime?
False
Let p(c) = 4731*c**2 - 4*c - 22. Is p(-3) composite?
False
Let y(u) = 2*u**2 - 13*u + 8. Let h be y(7). Let l be (-1 - -9)*h/30. Suppose -l*m = 3*m - 3409. Is m a prime number?
True
Suppose -5*s - 4*m = -3402, 692 = -3*s + 4*s - 5*m. Let x = s + -315. Is x prime?
True
Let o(z) = 2*z**2 - 13*z - 86. Let j(g) = g**2 + 1. Let b(h) = 3*j(h) + o(h). Is b(-8) a composite number?
True
Let a = 80 + -83. Is 1*a + 2360/5 composite?
True
Let s = -15403 + 24990. Is s composite?
False
Let m(y) = -191*y - 48. Let u be m(-6). Let g = u - 467. Is g composite?
False
Suppose -178298 = -p + 5*t, 53927 = -2*p - 5*t + 410478. Is p composite?
True
Let m(t) = -123*t + 12. Let y be m(-8). Suppose -3*a + y = -3555. Is a a composite number?
True
Is ((-44)/(-22))/(4/38578) composite?
False
Let v(r) = -6*r - 10. Let y be v(-2). Suppose d = 2*d - 222. Suppose y*l + l - d = 0. Is l prime?
False
Suppose -2*d + 5*d - 5*z = -14, d = 5*z - 18. Suppose a - 2 = 0, 2*c + d*a - 3*a = 534. Suppose 5*w - 5*q = 1310, 4*w = 3*w - q + c. Is w composite?
True
Let y = -6 + 1. Let d(u) = u**3 + 6*u**2 + u - 2. Let k be d(y). Is (1 + -179)*(-9)/k a composite number?
False
Let h be 69*(-1 + (-4)/(-6)). Let v be -2*h*3 - -4. Suppose -v = -2*c - 0*c. Is c a prime number?
True
Let j = -2 - -6. Suppose -499 = -j*u + 109. Let n = u + -25. Is n composite?
False
Is (0 + -3898)*7/(-84)*6 composite?
False
Suppose 38*n - 71373 - 113345 = 0. Is n a prime number?
True
Let d(g) = -3*g - 12. Let h be d(-5). Suppose h*a = -a + 628. Is a prime?
True
Let l be -3 - ((-2)/1 + 47). Let w(f) = f**2 + 12*f + 39. Let t be w(-6). Is 383/t + 32/l a prime number?
True
Let i(h) = h**3 + 21*h**2 - 6*h - 33. Let w be 150/(-12) + 9/6. Is i(w) composite?
True
Let u = -7348 + 13533. Is u composite?
True
Let r(x) = 2*x + 7. Suppose l + 0*y + 2*y = -2, 0 = l - y - 10. Is r(l) composite?
False
Suppose -k = 2*p - 4*p + 369, -3*k - 1102 = -p. Let x = k + 660. Is x composite?
False
Let c(f) = f**2 - 6*f - 4. Let y be c(5). Let j = -11 - y. Is 1/(1 + j)*-331 prime?
True
Let v(q) = q**2 - q - 8. Let n be v(4). Suppose -t = 2*r - r - 267, -n*t - r + 1062 = 0. Is t a composite number?
True
Let c(z) = -3843*z**3 - 2*z + 1. Let i be c(1). Is -2*(3 - i/(-8)) a prime number?
False
Let a = 124 + -221. Let l = 194 + a. Is l a prime number?
True
Suppose 295404 = 16*i - 213284. Is i a composite number?
False
Suppose -2*w = 5*o + 1652 + 660, o + 468 = w. Suppose 603 = 2*l - 5*l. Let i = l - o. Is i a prime number?
True
Suppose -5*d = -20, p - 1919 = d + 2*d. Is p composite?
False
Is 5/(10/16603)*2 prime?
True
Suppose -4*x - 5*l = -2493, 5*l = 2*x - x - 642. Let r be 140/30 - 2/3. Suppose 5*y + 3*b - x + 154 = 0, 0 = -2*y + r*b + 210. Is y composite?
False
Let b be (-93 + 0)*3/(-9). Suppose b*i = 26*i + 265. Is i a composite number?
False
Suppose 5*j - 15 = 0, 3*j + 401 = 4*r - 2*j. Let u(v) = v**3 - 8*v**2 + 8*v - 4. Let t be u(5). Let y = r - t. Is y prime?
False
Let v = 44 - 27. Suppose -v = -4*w - a, w - 5*a = -14 - 8. Suppose 0*y - w*m = -y + 110, -3*y = 4*m - 369. Is y composite?
True
Suppose 5*n = -15, 443 = r - 5*n - 1448. Let f = r + -1263. Is f prime?
True
Let b be 1 + (-6)/((-18)/(-57)). Let r(o) = -o**3 - 13*o**2 - 2*o - 19. Is r(b) prime?
True
Suppose 0 = -8*k + 3*k. Suppose 2*z + 5*y - 4300 = k, 0 = -z - 5*y - 289 + 2434. Is z prime?
False
Let k = -97183 + 168125. Suppose -14*g + k = 25288. Is g a prim